umber?
False
Let t(s) = -5*s**2 + 5*s - 12. Let g be t(2). Is 0 + (-33942)/g - (-76)/418 composite?
False
Let l = -356 + 359. Is l - (-3622 + 9/(36/8)) a composite number?
False
Suppose -i - 5*v = -4, 2*i - 53 = 3*v - 19. Let l = i - 11. Suppose t - 11679 = -4*u, -u - 768 = l*t - 3674. Is u a composite number?
True
Let p = 65 - 39. Let c(z) = -15 - 164*z + 40*z + p. Is c(-6) prime?
False
Suppose -n = -5*n + 9736. Let d = -1527 + n. Is d prime?
True
Suppose -35647 = 80*j - 1771434 + 20187. Is j prime?
False
Suppose -w - 19 = w + 5*t, -4*t - 6 = -3*w. Let c be ((-319)/(-2))/(w/4). Let m = 90 - c. Is m composite?
False
Suppose 14*x = 9*x + 15. Suppose 0 = -4*u - r + 37176, -x*u - 18582 = -5*u + r. Is u composite?
False
Let x(r) be the second derivative of -r**4/12 - 7*r**3/2 + 9*r**2 + 21*r. Let k be x(-13). Let a = 307 - k. Is a prime?
False
Let i = -20118 + -21349. Is (-91)/(-26) + i/(-2) prime?
False
Let n(k) = 2016*k**2 - 20*k + 39. Is n(8) prime?
True
Suppose -4692604 = 1970*g - 1984*g. Is g composite?
True
Let p = 21 - 12. Let n = 3825 + -3781. Suppose -p*w + 3385 + n = 0. Is w a prime number?
False
Let n be 4/6*4*27/36. Suppose -5*v = 4*k - 15940, 4*k - 15940 = n*v - 0*v. Is k prime?
False
Let i(c) = 2*c**3 + 42*c**2 + c + 51. Let s be i(-21). Suppose -24*f = -s*f + 16494. Is f a composite number?
False
Suppose -k + 184 = 4*b, 216 - 68 = k - 5*b. Let r = k + -150. Is (-1)/(-3) - ((-16680)/r - 6) a prime number?
False
Let s(r) be the third derivative of 17*r**4/12 - 89*r**3/6 - 2*r**2 + 45*r. Is s(24) a prime number?
True
Let o = 31 - 32. Let z be 2/4*((o - 4) + 13). Suppose 4*u - 2084 = -z*v, 389 + 124 = u - v. Is u a composite number?
True
Suppose -7*m = -14*m + 28. Suppose -6*r + 737 = v - 8*r, -m*v - 5*r = -2948. Is v prime?
False
Let p(w) = -198*w - 16. Let n be p(-12). Let f = n - 1221. Is f a prime number?
False
Suppose -9*j = -3 + 48. Let b(g) = 25*g**2 + 48*g - 12. Is b(j) a composite number?
False
Suppose -5*l + 8069 = -6531. Suppose -4*a - 3*s = 1254, -a - 634 = a - 2*s. Let j = l + a. Is j prime?
False
Suppose -3928 = -5*p - 3*p. Let a be (-3 + 2)/3*p*-9. Is 1/((18/a)/6) a composite number?
False
Is -769*4/8*(11 + -33) prime?
False
Let v(t) = t**3 + 7*t**2 + 4*t - 12. Let f be v(-6). Suppose -o - o + 2*q + 20706 = f, 10337 = o - 5*q. Is o prime?
True
Let o be (2 - 1) + -2 - 1. Is (3 + (-14)/4)/(o/5908) composite?
True
Suppose -4*m = -0*m + 3240. Let a = 981 + 122. Let j = a - m. Is j a composite number?
False
Let s be 3 - -7 - (-3 + 6). Let r = s + -5. Suppose 4810 = 4*p + r*i, 12 = 5*i - 3. Is p prime?
True
Suppose 5 = -2*j - t, -25 = 2*j + 9*t - 4*t. Let u(c) = -c**3 - 3*c**2 - 8*c + 4357. Is u(j) a composite number?
False
Let a(c) = c**3 + 13*c**2 + 12*c - 7. Let r(q) = 7*q - 53. Let w be r(6). Let n be a(w). Let m = n + -80. Is m composite?
False
Suppose -3*y - 1119275 + 3679478 = 6*y. Is y composite?
False
Let i(g) = -3*g - 5. Let q be i(-4). Let s(x) = -3 - 5*x + 14 - q. Is s(-3) a composite number?
False
Suppose 5*j - 1570 = -5*v, 0 = 2*j + 14*v - 16*v - 624. Let g = 998 - j. Is g composite?
True
Let r = -167476 + 239039. Is r composite?
False
Is 5/10*5/((-5)/(-173846)) prime?
True
Suppose 3*h - 7*h + 4*p = 976, -2*h + 3*p - 483 = 0. Let v = h + 460. Is v a prime number?
True
Suppose -2*x = 2*x - 12. Suppose 0*i - 5*i - 10 = 0, -x*u + i = 4063. Let w = 512 - u. Is w composite?
False
Let o(f) = -25*f**2 - 26*f - 162. Let n be o(26). Let p = n + 24841. Is p a composite number?
False
Suppose k - q = 5*q + 111961, 223976 = 2*k - 3*q. Is k composite?
False
Let q be 4/(-8)*98 + 2. Let g = 40 + q. Is (-27616)/(-14) + (-3)/g a composite number?
False
Suppose -a + 701619 = 5*l, -74*l + 70*l = a - 561296. Is l a prime number?
False
Suppose -5*k - 3*f + 32 = 0, 3*k + k = -2*f + 26. Suppose -1870 = -k*w + 223. Let r = -8 + w. Is r a composite number?
True
Let u(z) = 2590*z + 119. Let d be u(21). Suppose -d = -17*o + 4*o. Is o a prime number?
False
Let f(b) = -b - 10. Let g be f(-10). Suppose 12*k - 13*k + 2 = g. Suppose -2*t + s = -6140, 15363 = 3*t + k*t + 4*s. Is t a composite number?
True
Suppose -47*n - 654111 = -6761150. Is n prime?
True
Let z = 132 - 129. Suppose -706 = -z*q + s, 2*q - 2*s - 295 = 177. Is q a prime number?
False
Suppose -5*q + q = -112. Suppose m - 5 = 0, q*l = 29*l - 2*m - 4407. Is l prime?
False
Suppose 204*f = 203*f + 8008. Suppose 3*r - f = 683. Is r a composite number?
False
Suppose 26580 = 18*q - 16*q. Suppose 0 = 10*w - q - 560. Is w a composite number?
True
Let z = 233 - 196. Suppose 0 = -2*b + 4*r + 78, z = b + 3*r - 4*r. Is b a prime number?
False
Suppose -241*h = -222*h - 2588503. Is h prime?
True
Let s(c) = c**3 + 15*c**2 + 18*c + 3. Let t be s(-13). Let y = t + -107. Suppose y = -q - 3*q + u + 3816, -5*q + 3*u + 4777 = 0. Is q a composite number?
False
Suppose -4*l - 3*f = -1488227, -6*l - f - 1488239 = -10*l. Is l prime?
True
Is 3/27*(5 - 1/2)*44998 a composite number?
True
Let j(i) = -67*i - 39. Let u be j(-1). Is (-40391)/(-1) - u/(7/1) a prime number?
True
Suppose 0 = 3*n + 15, 3*s + 2*n - 9275 = 6*n. Let i = 5924 - s. Is i a composite number?
True
Let d(t) = 172*t - 12 - 5 + t + 376*t. Suppose 2*c = 5*g - 7 + 40, 3*c - g - 17 = 0. Is d(c) a composite number?
False
Let b = 17831 + -2756. Suppose b = 3*n + 2*l, 25150 = 18*n - 13*n - 5*l. Is n composite?
True
Suppose 160*k = -84*k - 111*k + 71990095. Is k prime?
False
Suppose 84 = -9*h - 15. Let u(p) = 90*p**2 + 6*p + 7. Is u(h) prime?
True
Suppose 391 - 1730 = -13*s. Let b = 336 - s. Is b prime?
True
Let b(h) = 120*h**2 - 31*h + 104. Is b(5) a composite number?
True
Suppose 5 = 5*q, 249 = 5*x + 2*q - 3*q. Suppose -x*v + 59*v - 2583 = 0. Is v prime?
False
Suppose 3148 = 15*p + 17428. Let c = p + 1983. Is c a composite number?
False
Let m(n) = 4588*n - 9655. Is m(57) a composite number?
False
Let q be 23 + -12 - 0/2. Suppose q*g - 26919 = 1472. Is g composite?
True
Suppose 0 = -3*v - 3*n + 118437, n + 78973 = -4*v + 6*v. Suppose -19742 = 6*w - 8*w + 4*p, 5*p + v = 4*w. Is w a composite number?
False
Let w be 1*(91 + (-9)/3 + 4). Let x = 405 + w. Is x a prime number?
False
Let h(i) = 3*i - 7. Let f be h(-9). Let b = -34 - f. Suppose -a - 5*u - 3 = -b, 4*a - 3*u - 103 = 0. Is a a composite number?
True
Let s(p) = 227756*p**2 + 61*p + 66. Is s(-1) composite?
True
Let h be -2285*((-11)/5*8 - -2). Suppose -41*v = -15*v - h. Is v composite?
True
Let s(v) = 6*v**2 + 6*v - 10. Let y be s(8). Let a(k) = -89*k + 561. Let d be a(6). Let i = y + d. Is i composite?
False
Suppose 0 = -4*a + 3*n - 0 + 31, -5*a + 5 = 3*n. Let s be ((-9)/3 - -2) + -2. Is (s - (-545)/a) + (-1)/4 a prime number?
False
Suppose -r - 2*r + 94 = 5*d, -57 = -3*d - 2*r. Suppose -8*x = -d*x - 27. Is (9 - (x + 10)) + (1208 - -1) prime?
False
Suppose 0 = 29*i + 54*i - 71235995. Is i a composite number?
True
Let h = 6544 + -6534. Let m(r) = 0*r**2 - 1 + 0*r**2 + 3*r**2 - 3*r. Is m(h) prime?
True
Suppose -3*r - 507 = n, -2*r = -r + 3*n + 161. Let c = r - -237. Is c composite?
False
Let k(m) = -m**3 + 8*m**2 - 9*m - 12. Let y be k(6). Suppose 0*x = -4*g + x + 6, 2*g + x = y. Suppose g*c - 2306 = -600. Is c a composite number?
False
Let z = 333 - 337. Let a(i) = 87*i**2 - 5*i - 9. Is a(z) a composite number?
True
Let a = 2346530 + -786391. Is a a prime number?
False
Suppose 2*a - 78898 = 4*r, -4*a - 35*r + 31*r + 157736 = 0. Is a a composite number?
False
Let g(q) = -q**2 + 16*q - 32. Let r be g(13). Is (r - (-99595)/5) + -3 + -2 a composite number?
True
Suppose 4*a + 1034 = 14066. Let v = a + -2091. Is v a prime number?
False
Suppose -15*v + 19*v = 2*w - 20, 2*w = -2*v + 2. Suppose -170 - 354 = -w*z. Is z a composite number?
False
Let q = -330963 + 578024. Is q composite?
True
Let v(q) = 7*q + 1 + q**2 - 12*q - 2*q**2 + 2*q**2. Let c be v(-15). Suppose 0 = 4*l - 3*l + 2*k - c, 0 = -4*l - 2*k + 1222. Is l composite?
False
Suppose 5*x - w = 3*w - 9, 2*x - w + 6 = 0. Suppose -4*o = -p - 25, o - 230 = 5*p + 2*o. Is 6/27 + 349*x/p composite?
True
Suppose -6*l - 7930 = 566. Let i = l - -3257. Is i a composite number?
True
Let k = -2364 - -3431. Suppose 6*f - 7*f - 4*m = -k, -3*m + 5420 = 5*f. Is f a composite number?
False
Let r be (((-252)/(-15))/14)/(6/280). Suppose -r*j + 3349 = -55*j. Is j a